ed by 50.
37
What is the remainder when 999 is divided by 50?
49
Calculate the remainder when 110 is divided by 38.
34
What is the remainder when 794 is divided by 278?
238
Calculate the remainder when 556 is divided by 141.
133
What is the remainder when 54 is divided by 29?
25
What is the remainder when 596 is divided by 197?
5
Calculate the remainder when 27 is divided by 14.
13
Calculate the remainder when 254 is divided by 65.
59
Calculate the remainder when 673 is divided by 324.
25
Calculate the remainder when 1324 is divided by 39.
37
Calculate the remainder when 4014 is divided by 268.
262
What is the remainder when 189 is divided by 32?
29
Calculate the remainder when 686 is divided by 127.
51
What is the remainder when 320 is divided by 111?
98
Calculate the remainder when 31 is divided by 20.
11
What is the remainder when 18 is divided by 7?
4
What is the remainder when 706 is divided by 27?
4
What is the remainder when 458 is divided by 42?
38
What is the remainder when 2477 is divided by 194?
149
What is the remainder when 245 is divided by 50?
45
What is the remainder when 183 is divided by 14?
1
What is the remainder when 17 is divided by 14?
3
Calculate the remainder when 447 is divided by 90.
87
Calculate the remainder when 103 is divided by 18.
13
Calculate the remainder when 720 is divided by 75.
45
What is the remainder when 323 is divided by 44?
15
Calculate the remainder when 33 is divided by 9.
6
What is the remainder when 73 is divided by 5?
3
Calculate the remainder when 56 is divided by 10.
6
Calculate the remainder when 727 is divided by 150.
127
Calculate the remainder when 745 is divided by 121.
19
What is the remainder when 120 is divided by 41?
38
Calculate the remainder when 192 is divided by 98.
94
Calculate the remainder when 695 is divided by 37.
29
What is the remainder when 609 is divided by 22?
15
What is the remainder when 374 is divided by 42?
38
What is the remainder when 264 is divided by 136?
128
What is the remainder when 258 is divided by 7?
6
Calculate the remainder when 6271 is divided by 391.
15
What is the remainder when 446 is divided by 215?
16
What is the remainder when 1903 is divided by 23?
17
Calculate the remainder when 10919 is divided by 86.
83
What is the remainder when 12 is divided by 9?
3
What is the remainder when 36 is divided by 13?
10
What is the remainder when 2631 is divided by 8?
7
What is the remainder when 355 is divided by 3?
1
What is the remainder when 66 is divided by 14?
10
Calculate the remainder when 711 is divided by 29.
15
Calculate the remainder when 326 is divided by 86.
68
What is the remainder when 825 is divided by 819?
6
What is the remainder when 1012 is divided by 171?
157
What is the remainder when 11822 is divided by 16?
14
What is the remainder when 124 is divided by 16?
12
What is the remainder when 4516 is divided by 8?
4
What is the remainder when 2098 is divided by 28?
26
Calculate the remainder when 11919 is divided by 149.
148
Calculate the remainder when 63 is divided by 13.
11
What is the remainder when 5557 is divided by 242?
233
Calculate the remainder when 17597 is divided by 42.
41
What is the remainder when 533 is divided by 92?
73
Calculate the remainder when 106 is divided by 17.
4
What is the remainder when 16183 is divided by 56?
55
What is the remainder when 57 is divided by 29?
28
Calculate the remainder when 1242 is divided by 48.
42
Calculate the remainder when 350 is divided by 88.
86
Calculate the remainder when 1250 is divided by 139.
138
What is the remainder when 1424 is divided by 65?
59
What is the remainder when 158 is divided by 8?
6
What is the remainder when 362 is divided by 29?
14
Calculate the remainder when 133 is divided by 70.
63
Calculate the remainder when 4494 is divided by 4.
2
What is the remainder when 796 is divided by 790?
6
Calculate the remainder when 1404 is divided by 74.
72
Calculate the remainder when 144 is divided by 54.
36
What is the remainder when 370 is divided by 29?
22
Calculate the remainder when 68 is divided by 36.
32
What is the remainder when 3080 is divided by 23?
21
Calculate the remainder when 2700 is divided by 47.
21
What is the remainder when 336 is divided by 159?
18
What is the remainder when 42 is divided by 27?
15
What is the remainder when 101 is divided by 14?
3
Calculate the remainder when 857 is divided by 43.
40
What is the remainder when 96 is divided by 82?
14
Calculate the remainder when 1134 is divided by 67.
62
Calculate the remainder when 4464 is divided by 149.
143
What is the remainder when 305 is divided by 101?
2
Calculate the remainder when 343 is divided by 52.
31
What is the remainder when 542 is divided by 271?
0
What is the remainder when 302 is divided by 77?
71
Calculate the remainder when 86 is divided by 19.
10
Calculate the remainder when 42 is divided by 26.
16
What is the remainder when 390 is divided by 9?
3
Calculate the remainder when 263 is divided by 19.
16
Calculate the remainder when 1928 is divided by 84.
80
What is the remainder when 32 is divided by 7?
4
Calculate the remainder when 171 is divided by 40.
11
What is the remainder when 1571 is divided by 469?
164
Calculate the remainder when 286 is divided by 54.
16
Calculate the remainder when 2102 is divided by 10.
2
What is the remainder when 298 is divided by 117?
64
What is the remainder when 251 is divided by 87?
77
What is the remainder when 548 is divided by 22?
20
Calculate the remainder when 618 is divided by 26.
20
What is the remainder when 599 is divided by 196?
11
What is the remainder when 1681 is divided by 280?
1
What is the remainder when 32 is divided by 27?
5
Calculate the remainder when 3426 is divided by 35.
31
Calculate the remainder when 14696 is divided by 98.
94
What is the remainder when 2066 is divided by 22?
20
What is the remainder when 576 is divided by 58?
54
What is the remainder when 970 is divided by 80?
10
Calculate the remainder when 77 is divided by 16.
13
Calculate the remainder when 611 is divided by 68.
67
Calculate the remainder when 5 is divided by 3.
2
Calculate the remainder when 381 is divided by 124.
9
Calculate the remainder when 542 is divided by 104.
22
Calculate the remainder when 331 is divided by 19.
8
Calculate the remainder when 242 is divided by 90.
62
What is the remainder when 101 is divided by 15?
11
Calculate the remainder when 118 is divided by 7.
6
What is the remainder when 6910 is divided by 266?
260
Calculate the remainder when 3843 is divided by 1278.
9
Calculate the remainder when 226 is divided by 71.
13
Calculate the remainder when 550 is divided by 23.
21
Calculate the remainder when 3213 is divided by 1066.
15
Calculate the remainder when 189 is divided by 56.
21
What is the remainder when 186 is divided by 93?
0
What is the remainder when 918 is divided by 44?
38
What is the remainder when 241 is divided by 62?
55
What is the remainder when 1300 is divided by 404?
88
Calculate the remainder when 993 is divided by 82.
9
What is the remainder when 354 is divided by 45?
39
What is the remainder when 3567 is divided by 35?
32
What is the remainder when 816 is divided by 82?
78
Calculate the remainder when 103 is divided by 30.
13
Calculate the remainder when 2230 is divided by 557.
2
Calculate the remainder when 188 is divided by 24.
20
What is the remainder when 2 is divided by 1?
0
Calculate the remainder when 367 is divided by 93.
88
Calculate the remainder when 905 is divided by 10.
5
What is the remainder when 2789 is divided by 155?
154
What is the remainder when 495 is divided by 66?
33
Calculate the remainder when 842 is divided by 16.
10
What is the remainder when 1539 is divided by 140?
139
Calculate the remainder when 4775 is divided by 4.
3
What is the remainder when 2373 is divided by 61?
55
Calculate the remainder when 6297 is divided by 70.
67
Calculate the remainder when 1799 is divided by 10.
9
What is the remainder when 318 is divided by 23?
19
What is the remainder when 5717 is divided by 143?
140
Calculate the remainder when 273 is divided by 20.
13
What is the remainder when 884 is divided by 752?
132
Calculate the remainder when 797 is divided by 201.
194
Calculate the remainder when 469 is divided by 